e -o - 3*o + 8 = 0, -81 = p - 4*o. Let j = -28 - p. Calculate the greatest common divisor of u and j.
9
Let w = 8 - 13. Let k(a) = a**2 + 4*a + 6. Let c be k(w). What is the highest common divisor of c and 22?
11
Suppose 0 = -4*h + 2 + 10. What is the greatest common divisor of h and 1?
1
Let p(z) = z**2 + 3*z + 3. Let x be p(-3). Let v(g) = 11*g - 2. Let t be v(x). Suppose -109 - t = -4*y. What is the greatest common divisor of y and 14?
7
Let c(y) = y - 6. Let n be c(7). Let o be ((-2)/2)/(n/(-33)). Let l = 3 + o. Calculate the highest common factor of 24 and l.
12
Let v(i) = -57*i**2 + 21. Let a(f) = 14*f**2 - 5. Let j(r) = 21*a(r) + 5*v(r). Let s be j(1). What is the highest common divisor of s and 72?
9
Let g = -8 + 9. Let w(p) = 31*p. Let x be w(g). Suppose -3*m + x = -2*b, m + 6*b = b - 18. Calculate the greatest common divisor of m and 28.
7
Let m be -96*3/(-2 + -4). Suppose -p + 3*p - m = 0. Let c = 7 + -1. Calculate the greatest common factor of p and c.
6
Let f be 6/4 - 21/(-6). Suppose -f*b + 2 = l, l - 2*b = 2*b + 20. Let n = -2 - -38. What is the highest common factor of l and n?
12
Let w be (-27)/18*16/(-6). What is the highest common factor of w and 44?
4
Let r(u) = -u**2 - 16*u. Let c be r(-11). Let s be (44/c)/(4/30). What is the highest common divisor of s and 4?
2
Suppose -3*y - 17 = -5. Let z be y/(-7)*(-21)/(-6). Suppose 3*x = -z*x + 20. What is the greatest common divisor of 28 and x?
4
Let q(m) = -m**3 + 7*m**2 + 2*m - 4. Let d be q(7). Calculate the greatest common divisor of 2 and d.
2
Let g = 906 - 642. What is the highest common divisor of g and 33?
33
Let n be (-123)/(-12) + 2/(-8). Suppose -4*d - 5 + 17 = 0. Suppose -5*s = -d*s - 100. Calculate the greatest common divisor of n and s.
10
Let x(n) = 11*n**2 - n - 1. Let u be x(-1). What is the greatest common divisor of 1 and u?
1
Let x be (-597)/(-15) - 1/(-5). Calculate the greatest common factor of 4 and x.
4
Let o = -12 - -14. Let d = -4 + 14. What is the greatest common divisor of o and d?
2
Suppose -49 = -2*s + 3*n, -n + 9 = s - 3. Suppose 15 = 4*p - s. What is the highest common divisor of 16 and p?
8
Suppose -5*z + j - 33 = 0, j - 5*j = z - 6. Let s be (z/(-9))/(2/147). Let v be (s + 2)/3 - 1. Calculate the highest common divisor of v and 40.
8
Let v be -1*3*(96/18)/(-4). Suppose w - 2*w - 28 = -3*i, 48 = 4*i + 4*w. What is the greatest common divisor of i and v?
2
Let b = 132 - 52. What is the greatest common divisor of b and 16?
16
Suppose 7*g = g + 66. Let z(r) = r. Let b be z(2). Let j(f) = 29*f**2 + 4*f - 3. Let y be j(b). What is the highest common factor of y and g?
11
Let o(n) = 6 - 3*n + 3 + 6*n. Let z be o(6). Calculate the greatest common divisor of z and 3.
3
Let k(v) = v**3 - v**2 - v + 5. Let s be k(0). Let x be (30/9)/s*9. Suppose x*j = 2*j + 468. What is the highest common factor of j and 13?
13
Let f be 50*(-1 - (-3)/2). Let h be (-1 - -1) + f + -1. Suppose -l = 2*l - 180. What is the greatest common divisor of l and h?
12
Let i be (660/(-16))/(3/(-8)). Calculate the highest common divisor of 10 and i.
10
Let a = 3 - -3. What is the highest common factor of 12 and a?
6
Suppose 4*g + 0*g = 8. Let u be g + -118*(-2 - -1). Calculate the greatest common divisor of 15 and u.
15
Let j be (-39)/(-9) + 1/(-3). Calculate the highest common divisor of 6 and j.
2
Let p(r) = 2*r**2 - 5*r + 63. Let d be p(-9). Calculate the highest common factor of d and 10.
10
Suppose -3*p + 7 = -8. Suppose -3*k + 31 + p = 0. Calculate the greatest common factor of 18 and k.
6
Let t(m) = -23 - 3*m**3 - 2*m + 2*m**3 + 4*m**2 + 22. Let p be t(2). Suppose -p*r + 38 - 8 = 0. Calculate the greatest common factor of 20 and r.
10
Let u be (-6 + -32)*3/(-2). Let d = u - 15. Calculate the greatest common divisor of 28 and d.
14
Let f(w) = 20*w**2 - 7*w + 11. Let a be f(2). What is the greatest common divisor of a and 11?
11
Let a = 65 + -50. Calculate the greatest common divisor of a and 165.
15
Let f(i) = -2*i. Suppose -5*c - 2*b + 2 = -3, -3*c - 2*b = -7. Let z be f(c). What is the greatest common factor of z and 4?
2
Let k be (-4)/6*(-54)/4. What is the greatest common divisor of k and 9?
9
Let b be (6/(-5))/(6/(-75)). Suppose a + 45 = g + 4*g, -3*g + 3*a = -b. What is the greatest common divisor of g and 80?
10
Suppose d + 1 = 16. What is the highest common divisor of 150 and d?
15
Let t be (2/(-2) - -34)*(-13)/(-39). What is the highest common divisor of t and 11?
11
Let m be 3 + -5*(-3 - -4) + 17. What is the highest common factor of 120 and m?
15
Let t = 8 + -7. Suppose 2*r - t = 23. What is the greatest common divisor of 36 and r?
12
Suppose 47 = g + 12. Suppose -4*z + 2*n = 4*n + 30, -3*z + 4*n + 5 = 0. Let w(s) = -s. Let d be w(z). Calculate the highest common divisor of d and g.
5
Let p(c) = 47*c**2 + 1. Let b be p(-1). Let i be (62 - 35) + 10/2. Calculate the greatest common factor of i and b.
16
Let m(d) = d**2 + 12*d + 11. Let v be m(-12). Let n be (-22)/v + 3*2. What is the greatest common factor of 40 and n?
4
Let o be 96/(-8)*(-2)/6. Suppose -3*w - o*a + 63 = 0, -4*w = 4*a - 26 - 62. Calculate the greatest common factor of 5 and w.
5
Let a be (-58)/7 + (-18)/(-63). Let v = a - -27. What is the greatest common divisor of 38 and v?
19
Suppose 2*z = p - 25, 4*p = -z - z + 50. What is the greatest common divisor of p and 30?
15
Suppose 0*i = 5*i - 2*a + 2, -2 = -5*i - 2*a. Suppose -20 = -4*t - i*t. Calculate the highest common divisor of t and 10.
5
Suppose -5*s = 2*z - 60, z - 5 - 11 = s. What is the highest common factor of 15 and z?
5
Let u be (-6 - -1)*(1 - 8) - 1. What is the greatest common divisor of u and 68?
34
Suppose 4 = -8*k + 6*k. Let t be (-1)/5*4*10. Let l be 31/4 + k/t. Calculate the highest common factor of l and 4.
4
Suppose -192 = -10*r + 408. Let z be (3/(-4))/((-2)/32). Calculate the highest common factor of r and z.
12
Let j be 3 - ((-4)/(-1) - 81). Calculate the greatest common divisor of 16 and j.
16
Let p be (0 + (-2)/6)*-9. Let x = 3 + p. What is the greatest common divisor of x and 54?
6
Let u(f) = 5 + 0 + 0*f**2 + 2*f**2 + 7*f - f. Let a be u(-4). Let v(h) = h**3 - 2*h**2 - 6*h - 4. Let q be v(6). What is the highest common divisor of q and a?
13
Suppose 1 = -3*v - 2. Let r be (4/v)/((-2)/10). What is the greatest common divisor of r and 30?
10
Let y = 180 - 46. Suppose h = -3*c + 12, -5*h + 3*c - 2 = -y. Suppose 16 = -j + 3*j. Calculate the greatest common factor of h and j.
8
Let u be (-2)/3 + (-627)/(-9). Suppose -3*a + 5*j - 21 + 118 = 0, -2*a + u = j. Let t = -20 + a. What is the highest common factor of t and 14?
14
Suppose 0 = -5*f + r + 116, f + 4*f + 4*r - 136 = 0. What is the highest common factor of 2 and f?
2
Let z = -8 - -20. Let o(h) = h**3 - 4*h**2 + h + 4. Let s be o(3). Let d = 10 - s. Calculate the greatest common factor of d and z.
12
Suppose 46 = 3*b - 62. What is the highest common divisor of 252 and b?
36
Let a(o) = o + 5. Let l be a(0). Suppose i = -l + 3. Let c(x) = -x + 2. Let s be c(i). What is the greatest common factor of 10 and s?
2
Let b = 1 - 1. Suppose b = -4*d - d - 50. Let n = d + 14. Calculate the highest common divisor of 6 and n.
2
Let r = -1 - -4. Suppose -p + 3*c - 6*c = -14, 0 = r*p - 5*c + 14. Suppose 0 = -3*t + p*t + 9. What is the greatest common factor of 1 and t?
1
Let j = 4 + -3. Let u = 8 - j. Calculate the highest common factor of u and 35.
7
Suppose -5*w + 0*w = 150. Let n be w/(-9)*(-144)/(-20). Calculate the greatest common factor of 36 and n.
12
Suppose 2*h + 5*f - 938 = 4*f, 0 = 2*h - 3*f - 930. Suppose 0 = 7*u - 3*u - h. Let l(t) = -t + 7. Let s be l(-6). What is the highest common divisor of s and u?
13
Suppose -m + 0*c + 105 = 4*c, 4*c = -2*m + 222. Calculate the highest common divisor of 9 and m.
9
Let b(q) = -2 - 50*q - 6 + 3 + 4. Let s be b(1). Let z = -11 - s. Calculate the highest common divisor of 8 and z.
8
Let v = 138 + -66. Suppose -3*f = -7*f + v. Let s be f + 6/3*1. Calculate the greatest common factor of s and 50.
10
Let u be 540/(-4)*(-6)/10. Calculate the highest common divisor of 9 and u.
9
Let h be 19 - 2*(4 + -3). Let n = h - 24. Let p be (n/(-4) - 1)*72. What is the highest common divisor of 18 and p?
18
Let r be (36/(-14))/(9/(-168)*2). Suppose 2*u + 0*u - 240